{"id":106,"date":"2015-12-18T15:51:15","date_gmt":"2015-12-18T15:51:15","guid":{"rendered":"http:\/\/www.escolavirginioperillo.com.br\/?page_id=106"},"modified":"2024-07-17T21:15:52","modified_gmt":"2024-07-18T00:15:52","slug":"documentos-para-matricula","status":"publish","type":"page","link":"https:\/\/www.escolavirginioperillo.com.br\/?page_id=106","title":{"rendered":"Documentos para Matricula"},"content":{"rendered":"<h5 style=\"text-align: justify;\"><span style=\"color: #3366ff;\"><strong><span style=\"font-family: tahoma, arial, helvetica, sans-serif; font-size: 14pt;\">INFORMA\u00c7\u00d5ES GERAIS<\/span><\/strong><\/span><\/h5>\n<p style=\"text-align: justify;\"><span style=\"color: #000000; font-family: tahoma, arial, helvetica, sans-serif; font-size: 14pt;\">De acordo com a resolu\u00e7\u00e3o que rege as matr\u00edculas escolares s\u00e3o necess\u00e1rios os seguintes documentos abaixo para efetuar a matr\u00edcula dentro da rede p\u00fablica de ensino em Minas Gerais:<\/span><\/p>\n<p style=\"text-align: justify;\"><span style=\"font-family: tahoma, arial, helvetica, sans-serif; font-size: 14pt;\"><span style=\"color: #3366ff;\"><strong>1.<\/strong><\/span> <span style=\"color: #000000;\">Declara\u00e7\u00e3o de Transfer\u00eancia emitida pela escola de origem (ap\u00f3s trinta dias de efetuado a matr\u00edcula \u00e9 necess\u00e1rio que os pais e\/ou respons\u00e1veis se responsabilizem em entregar na escola o &#8220;Hist\u00f3rico Escolar&#8221; que \u00e9 emitido pela escola de origem, caso contr\u00e1rio a matr\u00edcula poder\u00e1 ser cancelada).\u00a0<\/span><\/span><\/p>\n<p style=\"text-align: justify;\"><span style=\"font-family: tahoma, arial, helvetica, sans-serif; font-size: 14pt;\"><span style=\"color: #3366ff;\"><strong>2.<\/strong><\/span> <span style=\"color: #000000;\">Xerox de Comprovante de Resid\u00eancia (\u00e9 necess\u00e1rio que seja uma conta de energia).\u00a0<\/span><\/span><\/p>\n<p style=\"text-align: justify;\"><span style=\"font-family: tahoma, arial, helvetica, sans-serif; font-size: 14pt;\"><span style=\"color: #3366ff;\"><strong>3.<\/strong> <\/span><span style=\"color: #000000;\">Xerox da Certid\u00e3o de Nascimento (no caso de matr\u00edculas para o Ensino M\u00e9dio \u00e9 necess\u00e1rio tamb\u00e9m o xerox do RG e CPF).<\/span><\/span><\/p>\n<p style=\"text-align: justify;\"><span style=\"font-family: tahoma, arial, helvetica, sans-serif; font-size: 14pt;\"><span style=\"color: #3366ff;\"><strong>4. <\/strong><\/span><span style=\"color: #000000;\">A Matr\u00edcula somente poder\u00e1 ser feita pelos pais e\/ou respons\u00e1veis do aluno.<\/span><\/span><\/p>\n<p style=\"text-align: justify;\">\n","protected":false},"excerpt":{"rendered":"<p>INFORMA\u00c7\u00d5ES GERAIS De acordo com a resolu\u00e7\u00e3o que rege as matr\u00edculas escolares s\u00e3o necess\u00e1rios os seguintes documentos abaixo para efetuar a matr\u00edcula dentro da rede p\u00fablica de ensino em Minas Gerais: 1. Declara\u00e7\u00e3o de Transfer\u00eancia emitida pela escola de origem (ap\u00f3s trinta dias de efetuado a matr\u00edcula \u00e9 necess\u00e1rio que os pais e\/ou respons\u00e1veis se [&hellip;]<\/p>\n","protected":false},"author":1,"featured_media":0,"parent":0,"menu_order":0,"comment_status":"closed","ping_status":"closed","template":"","meta":[],"_links":{"self":[{"href":"https:\/\/www.escolavirginioperillo.com.br\/index.php?rest_route=\/wp\/v2\/pages\/106"}],"collection":[{"href":"https:\/\/www.escolavirginioperillo.com.br\/index.php?rest_route=\/wp\/v2\/pages"}],"about":[{"href":"https:\/\/www.escolavirginioperillo.com.br\/index.php?rest_route=\/wp\/v2\/types\/page"}],"author":[{"embeddable":true,"href":"https:\/\/www.escolavirginioperillo.com.br\/index.php?rest_route=\/wp\/v2\/users\/1"}],"replies":[{"embeddable":true,"href":"https:\/\/www.escolavirginioperillo.com.br\/index.php?rest_route=%2Fwp%2Fv2%2Fcomments&post=106"}],"version-history":[{"count":6,"href":"https:\/\/www.escolavirginioperillo.com.br\/index.php?rest_route=\/wp\/v2\/pages\/106\/revisions"}],"predecessor-version":[{"id":382,"href":"https:\/\/www.escolavirginioperillo.com.br\/index.php?rest_route=\/wp\/v2\/pages\/106\/revisions\/382"}],"wp:attachment":[{"href":"https:\/\/www.escolavirginioperillo.com.br\/index.php?rest_route=%2Fwp%2Fv2%2Fmedia&parent=106"}],"curies":[{"name":"wp","href":"https:\/\/api.w.org\/{rel}","templated":true}]}}

<h5 style="text-align: justify;"><span style="color: #3366ff;"><strong><span style="font-family: tahoma, arial, helvetica, sans-serif; font-size: 14pt;">INFORMAÇÕES GERAIS</span></strong></span></h5>
<p style="text-align: justify;"><span style="color: #000000; font-family: tahoma, arial, helvetica, sans-serif; font-size: 14pt;">De acordo com a resolução que rege as matrículas escolares são necessários os seguintes documentos abaixo para efetuar a matrícula dentro da rede pública de ensino em Minas Gerais:</span></p>
<p style="text-align: justify;"><span style="font-family: tahoma, arial, helvetica, sans-serif; font-size: 14pt;"><span style="color: #3366ff;"><strong>1.</strong></span> <span style="color: #000000;">Declaração de Transferência emitida pela escola de origem (após trinta dias de efetuado a matrícula é necessário que os pais e/ou responsáveis se responsabilizem em entregar na escola o &#8220;Histórico Escolar&#8221; que é emitido pela escola de origem, caso contrário a matrícula poderá ser cancelada). </span></span></p>
<p style="text-align: justify;"><span style="font-family: tahoma, arial, helvetica, sans-serif; font-size: 14pt;"><span style="color: #3366ff;"><strong>2.</strong></span> <span style="color: #000000;">Xerox de Comprovante de Residência (é necessário que seja uma conta de energia). </span></span></p>
<p style="text-align: justify;"><span style="font-family: tahoma, arial, helvetica, sans-serif; font-size: 14pt;"><span style="color: #3366ff;"><strong>3.</strong> </span><span style="color: #000000;">Xerox da Certidão de Nascimento (no caso de matrículas para o Ensino Médio é necessário também o xerox do RG e CPF).</span></span></p>
<p style="text-align: justify;"><span style="font-family: tahoma, arial, helvetica, sans-serif; font-size: 14pt;"><span style="color: #3366ff;"><strong>4. </strong></span><span style="color: #000000;">A Matrícula somente poderá ser feita pelos pais e/ou responsáveis do aluno.</span></span></p>
<p style="text-align: justify;">

<p>INFORMAÇÕES GERAIS De acordo com a resolução que rege as matrículas escolares são necessários os seguintes documentos abaixo para efetuar a matrícula dentro da rede pública de ensino em Minas Gerais: 1. Declaração de Transferência emitida pela escola de origem (após trinta dias de efetuado a matrícula é necessário que os pais e/ou responsáveis se [&hellip;]</p>
