{"id":135,"date":"2015-12-23T12:29:44","date_gmt":"2015-12-23T12:29:44","guid":{"rendered":"http:\/\/www.escolavirginioperillo.com.br\/?page_id=135"},"modified":"2024-07-17T21:15:52","modified_gmt":"2024-07-18T00:15:52","slug":"feira-cultural","status":"publish","type":"page","link":"https:\/\/www.escolavirginioperillo.com.br\/?page_id=135","title":{"rendered":"Feira Cultural"},"content":{"rendered":"<p style=\"text-align: justify;\"><strong><span style=\"font-family: tahoma, arial, helvetica, sans-serif; font-size: 14pt; color: #3366ff;\">INFORMA\u00c7\u00d5ES GERAIS<\/span><\/strong><\/p>\n<p style=\"text-align: justify;\"><span style=\"font-family: tahoma, arial, helvetica, sans-serif; font-size: 14pt; color: #000000;\">A cria\u00e7\u00e3o da \u201cFeira Cultural\u201d que visa despertar nos alunos o interesse pela aprendizagem e valorizar as compet\u00eancias cient\u00edficas de todas as pessoas envolvidas no processo, especialmente dos alunos, visando tamb\u00e9m formar valores e atitudes nos alunos atrav\u00e9s de um trabalho de grupo, fortalecendo o cooperativismo, o respeito, a \u00e9tica e o cumprimento de regras.<\/span><\/p>\n<p style=\"text-align: justify;\"><span style=\"color: #3366ff;\"><strong><span style=\"font-family: tahoma, arial, helvetica, sans-serif; font-size: 14pt;\"><a style=\"color: #3366ff;\" href=\"https:\/\/www.facebook.com\/escolavirginioperillo\/photos\/?tab=album&amp;album_id=1014963001861714\" target=\"_blank\" rel=\"noopener\">1\u00ba FEC-VIP \u00a0(FEIRA CULTURAL 2012) &#8211; LINK FOTOS<\/a><\/span><\/strong><\/span><\/p>\n<p style=\"text-align: justify;\"><strong><span style=\"color: #3366ff; font-size: 14pt; font-family: tahoma, arial, helvetica, sans-serif;\">2\u00ba FEC-VIP \u00a0(FEIRA CULTURAL 2013)\u00a0&#8211; LINK FOTOS<\/span><\/strong><\/p>\n<p style=\"text-align: justify;\"><span style=\"color: #3366ff;\"><strong><span style=\"font-size: 14pt; font-family: tahoma, arial, helvetica, sans-serif;\"><a style=\"color: #3366ff;\" title=\"3\u00ba FEC-VIP\" href=\"https:\/\/www.facebook.com\/escolavirginioperillo\/photos\/?tab=album&amp;album_id=909997825691566\" target=\"_blank\" rel=\"noopener\">3\u00ba FEC-VIP \u00a0(FEIRA CULTURAL 2014)\u00a0&#8211; LINK FOTOS<\/a><\/span><\/strong><\/span><\/p>\n<p style=\"text-align: justify;\"><span style=\"color: #3366ff;\"><strong><span style=\"font-size: 14pt; font-family: tahoma, arial, helvetica, sans-serif;\"><a style=\"color: #3366ff;\" href=\"https:\/\/www.facebook.com\/escolavirginioperillo\/photos\/?tab=album&amp;album_id=1076276695730344\" target=\"_blank\" rel=\"noopener\">4\u00ba FEC-VIP \u00a0(FEIRA CULTURAL 2015)\u00a0&#8211; LINK FOTOS<\/a><\/span><\/strong><\/span><\/p>\n<p style=\"text-align: justify;\"><strong><span style=\"color: #3366ff; font-size: 14pt; font-family: tahoma, arial, helvetica, sans-serif;\">5\u00ba FEC-VIP \u00a0(FEIRA CULTURAL 2016) &#8211;\u00a0<\/span><\/strong><span style=\"color: #3366ff;\"><strong><span style=\"font-size: 14pt;\"><a style=\"color: #3366ff;\" href=\"https:\/\/www.facebook.com\/escolavirginioperillo\/photos\/?tab=album&amp;album_id=1278321518859193\" target=\"_blank\" rel=\"noopener\">LINK FOTOS<\/a><\/span><\/strong><\/span><\/p>\n","protected":false},"excerpt":{"rendered":"<p>INFORMA\u00c7\u00d5ES GERAIS A cria\u00e7\u00e3o da \u201cFeira Cultural\u201d que visa despertar nos alunos o interesse pela aprendizagem e valorizar as compet\u00eancias cient\u00edficas de todas as pessoas envolvidas no processo, especialmente dos alunos, visando tamb\u00e9m formar valores e atitudes nos alunos atrav\u00e9s de um trabalho de grupo, fortalecendo o cooperativismo, o respeito, a \u00e9tica e o cumprimento [&hellip;]<\/p>\n","protected":false},"author":1,"featured_media":0,"parent":0,"menu_order":0,"comment_status":"closed","ping_status":"open","template":"","meta":[],"_links":{"self":[{"href":"https:\/\/www.escolavirginioperillo.com.br\/index.php?rest_route=\/wp\/v2\/pages\/135"}],"collection":[{"href":"https:\/\/www.escolavirginioperillo.com.br\/index.php?rest_route=\/wp\/v2\/pages"}],"about":[{"href":"https:\/\/www.escolavirginioperillo.com.br\/index.php?rest_route=\/wp\/v2\/types\/page"}],"author":[{"embeddable":true,"href":"https:\/\/www.escolavirginioperillo.com.br\/index.php?rest_route=\/wp\/v2\/users\/1"}],"replies":[{"embeddable":true,"href":"https:\/\/www.escolavirginioperillo.com.br\/index.php?rest_route=%2Fwp%2Fv2%2Fcomments&post=135"}],"version-history":[{"count":11,"href":"https:\/\/www.escolavirginioperillo.com.br\/index.php?rest_route=\/wp\/v2\/pages\/135\/revisions"}],"predecessor-version":[{"id":1681,"href":"https:\/\/www.escolavirginioperillo.com.br\/index.php?rest_route=\/wp\/v2\/pages\/135\/revisions\/1681"}],"wp:attachment":[{"href":"https:\/\/www.escolavirginioperillo.com.br\/index.php?rest_route=%2Fwp%2Fv2%2Fmedia&parent=135"}],"curies":[{"name":"wp","href":"https:\/\/api.w.org\/{rel}","templated":true}]}}