{"id":427,"date":"2016-01-07T23:23:05","date_gmt":"2016-01-07T23:23:05","guid":{"rendered":"http:\/\/www.escolavirginioperillo.com.br\/?page_id=427"},"modified":"2024-07-17T21:16:12","modified_gmt":"2024-07-18T00:16:12","slug":"recepcao","status":"publish","type":"page","link":"https:\/\/www.escolavirginioperillo.com.br\/?page_id=427","title":{"rendered":"Recep\u00e7\u00e3o"},"content":{"rendered":"<p style=\"text-align: justify;\"><span style=\"color: #3366ff;\"><strong><span style=\"font-family: tahoma, arial, helvetica, sans-serif; font-size: 14pt;\">INFORMA\u00c7\u00d5ES GERAIS<\/span><\/strong><\/span><\/p>\n<p style=\"text-align: justify;\"><span style=\"color: #000000; font-family: tahoma, arial, helvetica, sans-serif; font-size: 14pt;\">Com o intuito de controlar a circula\u00e7\u00e3o interna, a entrada e sa\u00edda de pessoas e oferecer para comunidade escolar um atendimento din\u00e2mico e objetivo, a Escola Estadual &#8220;Virg\u00ednio Perillo&#8221; disp\u00f5e de uma recep\u00e7\u00e3o bem estruturada e organizada.<\/span><\/p>\n<p style=\"text-align: justify;\"><span style=\"color: #000000; font-family: tahoma, arial, helvetica, sans-serif; font-size: 14pt;\">A recep\u00e7\u00e3o da escola \u00e9 feita de segunda a sexta-feira entre os hor\u00e1rios de 7:00 \u00e0s 17:30 pelas funcion\u00e1rias Ana Claudia no turno matutino e Soraia\u00a0no turno Vespertino. Fun\u00e7\u00f5es como recepcionar, encaminhar para setores competentes, atendimento telef\u00f4nico e controlar toda a entrada e sa\u00edda da escola durante os hor\u00e1rios de aula s\u00e3o algumas das fun\u00e7\u00f5es desempenhadas pelas recepcionistas.<\/span><\/p>\n<p style=\"text-align: justify;\"><span style=\"color: #000000; font-family: tahoma, arial, helvetica, sans-serif; font-size: 14pt;\">A recep\u00e7\u00e3o da escola possui por volta de 20 m\u00b2, ficando localizada no bloco 1 entre o hall de entrada e a secretaria.\u00a0A estrutura f\u00edsica da recep\u00e7\u00e3o \u00e9 composta por uma escrivaninha, duas longarinas de quatro lugares, um TI (telefone inteligente) ligado a uma central PABX, um pavilh\u00e3o hasteando quatro bandeiras (Brasil, Minas Gerais, Lagoa da Prata e Escola &#8220;Virg\u00ednio Perillo) e um orelh\u00e3o de uso comum.<\/span><\/p>\n","protected":false},"excerpt":{"rendered":"<p>INFORMA\u00c7\u00d5ES GERAIS Com o intuito de controlar a circula\u00e7\u00e3o interna, a entrada e sa\u00edda de pessoas e oferecer para comunidade escolar um atendimento din\u00e2mico e objetivo, a Escola Estadual &#8220;Virg\u00ednio Perillo&#8221; disp\u00f5e de uma recep\u00e7\u00e3o bem estruturada e organizada. A recep\u00e7\u00e3o da escola \u00e9 feita de segunda a sexta-feira entre os hor\u00e1rios de 7:00 \u00e0s [&hellip;]<\/p>\n","protected":false},"author":1,"featured_media":0,"parent":0,"menu_order":0,"comment_status":"closed","ping_status":"open","template":"","meta":[],"_links":{"self":[{"href":"https:\/\/www.escolavirginioperillo.com.br\/index.php?rest_route=\/wp\/v2\/pages\/427"}],"collection":[{"href":"https:\/\/www.escolavirginioperillo.com.br\/index.php?rest_route=\/wp\/v2\/pages"}],"about":[{"href":"https:\/\/www.escolavirginioperillo.com.br\/index.php?rest_route=\/wp\/v2\/types\/page"}],"author":[{"embeddable":true,"href":"https:\/\/www.escolavirginioperillo.com.br\/index.php?rest_route=\/wp\/v2\/users\/1"}],"replies":[{"embeddable":true,"href":"https:\/\/www.escolavirginioperillo.com.br\/index.php?rest_route=%2Fwp%2Fv2%2Fcomments&post=427"}],"version-history":[{"count":5,"href":"https:\/\/www.escolavirginioperillo.com.br\/index.php?rest_route=\/wp\/v2\/pages\/427\/revisions"}],"predecessor-version":[{"id":777,"href":"https:\/\/www.escolavirginioperillo.com.br\/index.php?rest_route=\/wp\/v2\/pages\/427\/revisions\/777"}],"wp:attachment":[{"href":"https:\/\/www.escolavirginioperillo.com.br\/index.php?rest_route=%2Fwp%2Fv2%2Fmedia&parent=427"}],"curies":[{"name":"wp","href":"https:\/\/api.w.org\/{rel}","templated":true}]}}

Recepção

<p style="text-align: justify;"><span style="color: #3366ff;"><strong><span style="font-family: tahoma, arial, helvetica, sans-serif; font-size: 14pt;">INFORMAÇÕES GERAIS</span></strong></span></p>
<p style="text-align: justify;"><span style="color: #000000; font-family: tahoma, arial, helvetica, sans-serif; font-size: 14pt;">Com o intuito de controlar a circulação interna, a entrada e saída de pessoas e oferecer para comunidade escolar um atendimento dinâmico e objetivo, a Escola Estadual &#8220;Virgínio Perillo&#8221; dispõe de uma recepção bem estruturada e organizada.</span></p>
<p style="text-align: justify;"><span style="color: #000000; font-family: tahoma, arial, helvetica, sans-serif; font-size: 14pt;">A recepção da escola é feita de segunda a sexta-feira entre os horários de 7:00 às 17:30 pelas funcionárias Ana Claudia no turno matutino e Soraia no turno Vespertino. Funções como recepcionar, encaminhar para setores competentes, atendimento telefônico e controlar toda a entrada e saída da escola durante os horários de aula são algumas das funções desempenhadas pelas recepcionistas.</span></p>
<p style="text-align: justify;"><span style="color: #000000; font-family: tahoma, arial, helvetica, sans-serif; font-size: 14pt;">A recepção da escola possui por volta de 20 m², ficando localizada no bloco 1 entre o hall de entrada e a secretaria. A estrutura física da recepção é composta por uma escrivaninha, duas longarinas de quatro lugares, um TI (telefone inteligente) ligado a uma central PABX, um pavilhão hasteando quatro bandeiras (Brasil, Minas Gerais, Lagoa da Prata e Escola &#8220;Virgínio Perillo) e um orelhão de uso comum.</span></p>

<p>INFORMAÇÕES GERAIS Com o intuito de controlar a circulação interna, a entrada e saída de pessoas e oferecer para comunidade escolar um atendimento dinâmico e objetivo, a Escola Estadual &#8220;Virgínio Perillo&#8221; dispõe de uma recepção bem estruturada e organizada. A recepção da escola é feita de segunda a sexta-feira entre os horários de 7:00 às [&hellip;]</p>
