{"id":434,"date":"2016-01-09T17:10:04","date_gmt":"2016-01-09T17:10:04","guid":{"rendered":"http:\/\/www.escolavirginioperillo.com.br\/?page_id=434"},"modified":"2024-07-17T21:16:12","modified_gmt":"2024-07-18T00:16:12","slug":"sala-da-supervisao","status":"publish","type":"page","link":"https:\/\/www.escolavirginioperillo.com.br\/?page_id=434","title":{"rendered":"Sala da Supervis\u00e3o"},"content":{"rendered":"<p style=\"text-align: justify;\"><span style=\"color: #3366ff;\"><strong><span style=\"font-family: tahoma, arial, helvetica, sans-serif; font-size: 14pt;\">INFORMA\u00c7\u00d5ES GERAIS<\/span><\/strong><\/span><\/p>\n<p style=\"text-align: justify;\"><span style=\"color: #000000; font-family: tahoma, arial, helvetica, sans-serif; font-size: 14pt;\">A Escola Estadual &#8220;Virg\u00ednio Perillo&#8221; disp\u00f5e de uma sala destinada somente para o uso pedag\u00f3gico conhecida como Sala da Supervis\u00e3o.<\/span><\/p>\n<p style=\"text-align: justify;\"><span style=\"color: #000000; font-family: tahoma, arial, helvetica, sans-serif; font-size: 14pt;\">Essa sala tem pouco mais de 20 m\u00b2 localizado entre os blocos 1 e 2 tem como principal objetivo oferecer um ambiente onde funcion\u00e1rios, alunos, pais\/respons\u00e1veis e comunidade escolar em geral possam buscar qualquer tipo de informa\u00e7\u00f5es, refer\u00eancias e apoio pedag\u00f3gico.<\/span><\/p>\n<p style=\"text-align: justify;\"><span style=\"color: #000000; font-family: tahoma, arial, helvetica, sans-serif; font-size: 14pt;\">O servi\u00e7o de supervis\u00e3o \u00e9 realizado no turno matutino pela especialista Carla e a vice-diretora Ana Carolina entre os hor\u00e1rios de 7:00 \u00e0s 11:30 horas e no turno vespertino pelas especialistas Ana Carolina e Joelma e pela vice-diretora Gabriela entre os hor\u00e1rios de 13:00 \u00e0s 18:00 horas.<\/span><\/p>\n","protected":false},"excerpt":{"rendered":"<p>INFORMA\u00c7\u00d5ES GERAIS A Escola Estadual &#8220;Virg\u00ednio Perillo&#8221; disp\u00f5e de uma sala destinada somente para o uso pedag\u00f3gico conhecida como Sala da Supervis\u00e3o. Essa sala tem pouco mais de 20 m\u00b2 localizado entre os blocos 1 e 2 tem como principal objetivo oferecer um ambiente onde funcion\u00e1rios, alunos, pais\/respons\u00e1veis e comunidade escolar em geral possam buscar [&hellip;]<\/p>\n","protected":false},"author":1,"featured_media":0,"parent":0,"menu_order":0,"comment_status":"closed","ping_status":"open","template":"","meta":[],"_links":{"self":[{"href":"https:\/\/www.escolavirginioperillo.com.br\/index.php?rest_route=\/wp\/v2\/pages\/434"}],"collection":[{"href":"https:\/\/www.escolavirginioperillo.com.br\/index.php?rest_route=\/wp\/v2\/pages"}],"about":[{"href":"https:\/\/www.escolavirginioperillo.com.br\/index.php?rest_route=\/wp\/v2\/types\/page"}],"author":[{"embeddable":true,"href":"https:\/\/www.escolavirginioperillo.com.br\/index.php?rest_route=\/wp\/v2\/users\/1"}],"replies":[{"embeddable":true,"href":"https:\/\/www.escolavirginioperillo.com.br\/index.php?rest_route=%2Fwp%2Fv2%2Fcomments&post=434"}],"version-history":[{"count":4,"href":"https:\/\/www.escolavirginioperillo.com.br\/index.php?rest_route=\/wp\/v2\/pages\/434\/revisions"}],"predecessor-version":[{"id":1594,"href":"https:\/\/www.escolavirginioperillo.com.br\/index.php?rest_route=\/wp\/v2\/pages\/434\/revisions\/1594"}],"wp:attachment":[{"href":"https:\/\/www.escolavirginioperillo.com.br\/index.php?rest_route=%2Fwp%2Fv2%2Fmedia&parent=434"}],"curies":[{"name":"wp","href":"https:\/\/api.w.org\/{rel}","templated":true}]}}