{"id":85,"date":"2015-12-18T15:47:28","date_gmt":"2015-12-18T15:47:28","guid":{"rendered":"http:\/\/www.escolavirginioperillo.com.br\/?page_id=85"},"modified":"2024-07-17T21:15:52","modified_gmt":"2024-07-18T00:15:52","slug":"refeitoriocantina","status":"publish","type":"page","link":"https:\/\/www.escolavirginioperillo.com.br\/?page_id=85","title":{"rendered":"Cantina\/Refeit\u00f3rio"},"content":{"rendered":"<p style=\"text-align: justify;\"><span style=\"color: #3366ff;\"><strong><span style=\"font-family: tahoma, arial, helvetica, sans-serif; font-size: 14pt;\">INFORMA\u00c7\u00d5ES GERAIS<\/span><\/strong><\/span><\/p>\n<p style=\"text-align: justify;\"><span style=\"font-family: tahoma, arial, helvetica, sans-serif; font-size: 14pt; color: #000000;\">A Escola Estadual &#8220;Virg\u00ednio&#8221; possui de forma conjugada uma cantina com refeit\u00f3rio dentro de uma \u00e1rea superior a 100 m\u00b2. Esse ambiente localizado na divisa entre os bloco 02 e 03 proporciona que nossos alunos possam de forma confort\u00e1vel e adequada merendarem.<\/span><\/p>\n<p style=\"text-align: justify;\"><span style=\"font-family: tahoma, arial, helvetica, sans-serif; font-size: 14pt; color: #000000;\">A Cantina\/Refeit\u00f3rio \u00e9 equipada com fornos e fog\u00f5es industriais, freezers verticais e horizontais, geladeiras, utens\u00edlios de cozinha em geral, dispensa de alimentos, arm\u00e1rios, prateleiras em ard\u00f3sia, pias industriais e v\u00e1rios jogos de mesas com banquetas, mesas e bancos em mdf.<\/span><\/p>\n<p style=\"text-align: justify;\"><span style=\"font-family: tahoma, arial, helvetica, sans-serif; font-size: 14pt; color: #000000;\">O card\u00e1pio da merenda da Escola Estadual &#8220;Virg\u00ednio Perillo&#8221; \u00e9 montado baseado num card\u00e1pio elaborado por nutricionistas da Secretaria de Educa\u00e7\u00e3o de Minas Gerais (SEE-MG). Assim, a nossa merenda escolar possui um alto valor vitam\u00ednico e nutricional. No entanto, ao montarmos o nosso card\u00e1pio, devemos obedecer algumas regras impostas pela SEE-MG como um dia da semana onde se sirva sopa de legumes, um dia de merenda doce desde que n\u00e3o seja na segunda e sexta-feira, um dia onde predomine o feij\u00e3o na merenda, no m\u00e1ximo dois dias da semana onde predomine o arroz na merenda.<\/span><\/p>\n<p style=\"text-align: justify;\"><span style=\"font-family: tahoma, arial, helvetica, sans-serif; font-size: 14pt; color: #000000;\">A merenda na escola &#8220;Virg\u00ednio Perillo&#8221; \u00e9 servida em todos os dias letivos \u00e0s 9:30 horas no turno matutino e \u00e0s 15:30 horas.<\/span><\/p>\n<p style=\"text-align: justify;\"><span style=\"font-family: tahoma, arial, helvetica, sans-serif; font-size: 14pt; color: #000000;\">Os recursos financeiros para a aquisi\u00e7\u00e3o da merenda escolar \u00e9 originado do PNAE (Programa Nacional da Alimenta\u00e7\u00e3o Escolar) e pela uma contrapartida do Estado. O valor per capita por aluno \u00e9 de 0,33 centavos por dia, dando em m\u00e9dia 60 reais ao ano. Do montante total (n\u00ba de alunos x valor per capita\/ano) 30% \u00e9 destinado \u00e0 compra de g\u00eaneros aliment\u00edcios da Agricultura Familiar e o restante \u00e9 destinado para a compra de alimentos perec\u00edveis, n\u00e3o perec\u00edveis, carne e frango atrav\u00e9s de dispensas e licita\u00e7\u00f5es.<\/span><\/p>\n","protected":false},"excerpt":{"rendered":"<p>INFORMA\u00c7\u00d5ES GERAIS A Escola Estadual &#8220;Virg\u00ednio&#8221; possui de forma conjugada uma cantina com refeit\u00f3rio dentro de uma \u00e1rea superior a 100 m\u00b2. Esse ambiente localizado na divisa entre os bloco 02 e 03 proporciona que nossos alunos possam de forma confort\u00e1vel e adequada merendarem. A Cantina\/Refeit\u00f3rio \u00e9 equipada com fornos e fog\u00f5es industriais, freezers verticais [&hellip;]<\/p>\n","protected":false},"author":1,"featured_media":0,"parent":0,"menu_order":0,"comment_status":"closed","ping_status":"open","template":"","meta":[],"_links":{"self":[{"href":"https:\/\/www.escolavirginioperillo.com.br\/index.php?rest_route=\/wp\/v2\/pages\/85"}],"collection":[{"href":"https:\/\/www.escolavirginioperillo.com.br\/index.php?rest_route=\/wp\/v2\/pages"}],"about":[{"href":"https:\/\/www.escolavirginioperillo.com.br\/index.php?rest_route=\/wp\/v2\/types\/page"}],"author":[{"embeddable":true,"href":"https:\/\/www.escolavirginioperillo.com.br\/index.php?rest_route=\/wp\/v2\/users\/1"}],"replies":[{"embeddable":true,"href":"https:\/\/www.escolavirginioperillo.com.br\/index.php?rest_route=%2Fwp%2Fv2%2Fcomments&post=85"}],"version-history":[{"count":9,"href":"https:\/\/www.escolavirginioperillo.com.br\/index.php?rest_route=\/wp\/v2\/pages\/85\/revisions"}],"predecessor-version":[{"id":1590,"href":"https:\/\/www.escolavirginioperillo.com.br\/index.php?rest_route=\/wp\/v2\/pages\/85\/revisions\/1590"}],"wp:attachment":[{"href":"https:\/\/www.escolavirginioperillo.com.br\/index.php?rest_route=%2Fwp%2Fv2%2Fmedia&parent=85"}],"curies":[{"name":"wp","href":"https:\/\/api.w.org\/{rel}","templated":true}]}}