{"id":87,"date":"2015-12-18T15:48:00","date_gmt":"2015-12-18T15:48:00","guid":{"rendered":"http:\/\/www.escolavirginioperillo.com.br\/?page_id=87"},"modified":"2024-07-17T21:16:12","modified_gmt":"2024-07-18T00:16:12","slug":"sala-de-multimidia","status":"publish","type":"page","link":"https:\/\/www.escolavirginioperillo.com.br\/?page_id=87","title":{"rendered":"Laborat\u00f3rio Multidisciplinar"},"content":{"rendered":"<p style=\"text-align: justify;\"><strong><span style=\"color: #3366ff; font-size: 14pt; font-family: tahoma, arial, helvetica, sans-serif;\">INFORMA\u00c7\u00d5ES GERAIS<\/span><\/strong><\/p>\n<p style=\"text-align: justify;\"><span style=\"color: #000000; font-size: 14pt; font-family: tahoma, arial, helvetica, sans-serif;\">A Escola Estadual &#8220;Virg\u00ednio Perillo&#8221; possui uma sala destinado ao uso de multim\u00eddias e laborat\u00f3rio com 40 m\u00b2 climatizada.\u00a0<\/span><\/p>\n<p style=\"text-align: justify;\"><span style=\"color: #000000; font-size: 14pt; font-family: tahoma, arial, helvetica, sans-serif;\">O Laborat\u00f3rio Multidisciplinar \u00e9 equipado com Smartv conectada \u00e0 internet, mesas, cadeiras e v\u00e1rios acervos dentro das \u00e1reas de humanas, natureza, linguagens e sala recurso.\u00a0<\/span><\/p>\n<p style=\"text-align: justify;\"><span style=\"color: #000000; font-size: 14pt; font-family: tahoma, arial, helvetica, sans-serif;\">Nesse ambiente os professores t\u00eam a oportunidade de lecionar utilizando recursos de \u00faltima gera\u00e7\u00e3o, num ambiente agrad\u00e1vel, confort\u00e1vel e climatizado. Essas combina\u00e7\u00f5es proporciona aos nossos alunos aulas mais interessantes, din\u00e2micas e objetivas.<\/span><\/p>\n","protected":false},"excerpt":{"rendered":"<p>INFORMA\u00c7\u00d5ES GERAIS A Escola Estadual &#8220;Virg\u00ednio Perillo&#8221; possui uma sala destinado ao uso de multim\u00eddias e laborat\u00f3rio com 40 m\u00b2 climatizada.\u00a0 O Laborat\u00f3rio Multidisciplinar \u00e9 equipado com Smartv conectada \u00e0 internet, mesas, cadeiras e v\u00e1rios acervos dentro das \u00e1reas de humanas, natureza, linguagens e sala recurso.\u00a0 Nesse ambiente os professores t\u00eam a oportunidade de lecionar [&hellip;]<\/p>\n","protected":false},"author":1,"featured_media":0,"parent":0,"menu_order":0,"comment_status":"closed","ping_status":"open","template":"","meta":[],"_links":{"self":[{"href":"https:\/\/www.escolavirginioperillo.com.br\/index.php?rest_route=\/wp\/v2\/pages\/87"}],"collection":[{"href":"https:\/\/www.escolavirginioperillo.com.br\/index.php?rest_route=\/wp\/v2\/pages"}],"about":[{"href":"https:\/\/www.escolavirginioperillo.com.br\/index.php?rest_route=\/wp\/v2\/types\/page"}],"author":[{"embeddable":true,"href":"https:\/\/www.escolavirginioperillo.com.br\/index.php?rest_route=\/wp\/v2\/users\/1"}],"replies":[{"embeddable":true,"href":"https:\/\/www.escolavirginioperillo.com.br\/index.php?rest_route=%2Fwp%2Fv2%2Fcomments&post=87"}],"version-history":[{"count":4,"href":"https:\/\/www.escolavirginioperillo.com.br\/index.php?rest_route=\/wp\/v2\/pages\/87\/revisions"}],"predecessor-version":[{"id":1598,"href":"https:\/\/www.escolavirginioperillo.com.br\/index.php?rest_route=\/wp\/v2\/pages\/87\/revisions\/1598"}],"wp:attachment":[{"href":"https:\/\/www.escolavirginioperillo.com.br\/index.php?rest_route=%2Fwp%2Fv2%2Fmedia&parent=87"}],"curies":[{"name":"wp","href":"https:\/\/api.w.org\/{rel}","templated":true}]}}

Laboratório Multidisciplinar

<p style="text-align: justify;"><strong><span style="color: #3366ff; font-size: 14pt; font-family: tahoma, arial, helvetica, sans-serif;">INFORMAÇÕES GERAIS</span></strong></p>
<p style="text-align: justify;"><span style="color: #000000; font-size: 14pt; font-family: tahoma, arial, helvetica, sans-serif;">A Escola Estadual &#8220;Virgínio Perillo&#8221; possui uma sala destinado ao uso de multimídias e laboratório com 40 m² climatizada. </span></p>
<p style="text-align: justify;"><span style="color: #000000; font-size: 14pt; font-family: tahoma, arial, helvetica, sans-serif;">O Laboratório Multidisciplinar é equipado com Smartv conectada à internet, mesas, cadeiras e vários acervos dentro das áreas de humanas, natureza, linguagens e sala recurso. </span></p>
<p style="text-align: justify;"><span style="color: #000000; font-size: 14pt; font-family: tahoma, arial, helvetica, sans-serif;">Nesse ambiente os professores têm a oportunidade de lecionar utilizando recursos de última geração, num ambiente agradável, confortável e climatizado. Essas combinações proporciona aos nossos alunos aulas mais interessantes, dinâmicas e objetivas.</span></p>

<p>INFORMAÇÕES GERAIS A Escola Estadual &#8220;Virgínio Perillo&#8221; possui uma sala destinado ao uso de multimídias e laboratório com 40 m² climatizada.  O Laboratório Multidisciplinar é equipado com Smartv conectada à internet, mesas, cadeiras e vários acervos dentro das áreas de humanas, natureza, linguagens e sala recurso.  Nesse ambiente os professores têm a oportunidade de lecionar [&hellip;]</p>
